te -79 - -76 - (-73 - (0 + (-6 + 1 - -7))).
72
(466 + -188 - 317) + 47 + 0
8
-9 - -2 - -2 - ((74 - -32) + -144)
33
What is the value of -33 + -3 + (-58 - -104 - 12)?
-2
Calculate 2 + 54 + -1 - (-138 + 83 + 66).
44
Evaluate -19 + 15 + -11 + (4 - 6) + 6 + 5.
-6
3 + 5 + -5 - (1 + (2 - -24) + -141)
117
Evaluate -84 - -1 - (-67 + 71 + -50).
-37
What is -65 + (84 - 72 - (-2 - 2 - -21))?
-70
Evaluate (1 - 65) + 30 + (2 - 15 - 11).
-58
Evaluate -26 - -4 - (-8 + 21 + -9) - 12.
-38
Calculate -1 + -9 + 1619 + -1649.
-40
What is the value of (21 - (-18 + 69)) + 58 + 18?
46
What is 110 - (-14 + (-51 - -124))?
51
3 + -12 - ((-4 - (-7 + -8)) + 5)
-25
What is the value of 86 + (-57 - -7) - 80?
-44
Evaluate -9657 - -9556 - (0 - 112).
11
9 + (71 - 63 - (-7 - -1))
23
Evaluate (5 - 3) + (46 - 23 - (25 - 9)) - 94.
-85
Evaluate -18 + 1 + -5 + (-355 - -359).
-18
What is the value of -1 + 32 - (6 - -32) - -86?
79
What is the value of -2 + 5 + 3 + -7 - (2 - -3) - -19?
13
Calculate -2 + 11 + (0 - 9) + 8 + -5 + -71.
-68
Calculate 18 + (27 - -13 - (20 - -1)).
37
Evaluate 135 + (-5 + -46 - 14).
70
What is the value of -13 + (-2 + (1 - -2) - (373 + -394))?
9
What is the value of 116 - (19 + 70) - 133?
-106
(25 + -51 + (20 - -5) - (-7 - 0)) + 3
9
Calculate -63 + 62 + (-61 - 2).
-64
What is the value of -2 + 15 - (13 + (10 + -1 - 9))?
0
Calculate (4405 - 4439) + (49 - 1).
14
What is -248 + 221 - (-6 - 11)?
-10
Calculate -81 + -51 + 50 + 52.
-30
Calculate 25 - 32 - -24 - 47.
-30
Evaluate -50 - -51 - (-15 + -14).
30
What is -3 + (14 + (10 - 6) - 13 - -84)?
86
What is the value of 27 - (-5 - (-28 - 21 - -23))?
6
Calculate -132 - (-31 + -83) - (11 + -1).
-28
Calculate (-76 - -41) + 28 + (1 - -16) + 66.
76
14 + 42 - 11 - (0 - (-19 + 12))
38
What is 13 - (-40 + 16 + (97 - 82))?
22
What is the value of -17 + -119 + 76 + -16 + 0 + 3?
-73
What is (0 - 26) + (-68 - -98) + (-17 - 0) - -54?
41
What is 80 + -45 + -44 + 5?
-4
What is the value of 106 + (-157 - 47) + 74?
-24
-92 - (-37 - 52) - (3 - -2)
-8
What is 180 + -246 + 122 - (-3 + 3 + 20)?
36
Calculate -35 + (764 - 754) + (1 + -1 - -1).
-24
-58 + 90 + -20 + 49
61
What is the value of (22 - -26 - 5 - 24) + 42?
61
Evaluate -1 - (5 + (-5 - 4) - (-43 - -17)).
-23
Evaluate -9 + (-6 - (9 + -22 + -4)) - (-41 - 5).
48
What is -23 + 0 - (-14 + 18 + -46)?
19
Evaluate -3284 - -3295 - (-75 - (0 + (-2 - -2))).
86
What is the value of (-95 + 39 - 35) + 48?
-43
Evaluate (2 - (10 - -14)) + (4 + -21 - -13).
-26
Evaluate 227 + -1 + -105 - 96.
25
Calculate 91 - (14 + 110 + -18).
-15
What is the value of -1 + (1 - -4) + 18 + 7 + (-28 - 46)?
-45
What is the value of 5 - (33 + -33 - (0 - 2) - (-1 - -5))?
7
1 - (3 + 8 - 5 - (9 - -14))
18
158 + -170 - 70 - (-16 - -2)
-68
What is 12 + (25 - (0 - -25 - 18))?
30
What is the value of 29 + -48 - (32 - -3)?
-54
What is the value of 49 + 52 + -45 + -64?
-8
Evaluate -1 + 0 + -5 + 690 + -738.
-54
What is 2 + -1 + 32 + -35 + (-4 + -85 - 0)?
-91
Evaluate (5 - 21) + 0 + 7 + 2 + 2 + -16.
-21
What is the value of -66 - (11 - ((40 - 40) + 6 + 3))?
-68
What is (29 + (4 - 7) - 81) + -5?
-60
What is 16 - (116 + -208) - 167?
-59
1 - 18 - (-48 - (-42 + 12 + -32))
-31
Calculate 41 + 1 + (-115 - (-419 + 260)).
86
(-25 - (-14 + -38)) + -26
1
-13 + 0 - (176 - 191) - 35 - 2
-35
What is -41 + 34 - ((-1 - -4) + (-10 - -27) - 3)?
-24
Calculate -115 + -8 + 91 + 10.
-22
Evaluate -67 + -8 + (6 - -4) + -3 - (-15 - -6).
-59
What is the value of -11 - ((6 - 1 - 5) + (8 + 0 - -3))?
-22
Evaluate (-20 - (-1 - -1)) + (10 - (-4 + (24 - 11))).
-19
Calculate -114 + 116 - (-1 - (24 - -5)).
32
What is the value of (1 - 16 - 33) + 111 - (-8 + 1)?
70
Calculate -81 + -80 + 134 + 84 + 0.
57
What is the value of -2 + 3 + -1 - (-149 + (60 - -39))?
50
41 + (175 - 238) + (0 + -1 - 15)
-38
What is 1 + 5 - -4 - (-70 + 0 + -6 - 4)?
90
Evaluate 22 + 27 + -30 - 7 - 34.
-22
Calculate -2 - (12 + (-10 - (-10 + -4)) + -18).
0
Calculate (-5 - -35) + -416 + 432.
46
Evaluate -5 + 17 - (-7 + -123 + 172).
-30
-20 - (4 + -22) - (-29 + 2 + 1 + -4)
28
(3 - 9) + 1656 + -1720
-70
Evaluate 26 + -49 - (34 - (-12 + 18)).
-51
Calculate (-66 - (-89 - 39)) + -6.
56
Evaluate 115 - 0 - (4716 - 4688).
87
Calculate -17 - (0 + -5 - -8 - -12).
-32
What is -35 - (20 - ((-20 - -120) + 32))?
77
What is (6 + -10 - -4) + 20 - -7?
27
Calculate -2 - (-30 - (-37 + 50)).
41
What is -21 + 22 - (-8 + 75)?
-66
Calculate -26 - ((6 - 45) + 40).
-27
Calculate (-2 - 42) + (-8782 - -8727).
-99
Evaluate 2 - (-81 + (-25 - -49 - 43)).
102
What is -9 + (-114 - 0) + (-91 - -91) + 12?
-111
What is the value of -38 - ((-4 - 5) + 15)?
-44
What is 3 + 40 + 73 + -97 + -133?
-114
-30 + -172 + 68 + 59
-75
What is the value of -3 - (-108 + 66 + 4)?
35
What is the value of (0 - -76) + (1427 - 1449)?
54
Calculate (0 + -17 - (42 - (102 - 54))) + -1.
-12
What is 67 - (-32 + 18 - (6 - (-6 + 18)))?
75
What is 2 + ((-24 - (10 + -25)) + (-1 - -2) - 14)?
-20
Evaluate -40 + 36 + -6 + 30 + -3.
17
What is (-24 - 23 - -52) + (4 - 4 - (-2 + 39))?
-32
Calculate 126 - (78 - -34) - -22.
36
20 + (19 + -28 + 9 + 4 - (6 + -3))
21
Calculate -6 + -2 - (-13 + -26 - -1).
30
111 - (16 + 5 + -30 - (-7 + (-4 - -3)))
112
-6 + (50 - -7 - 34)
17
What is -94 - (101 + -185) - 109?
-119
What is the value of 3 + -16 - (34 - -17) - (-8 + 1)?
-57
Evaluate -33 - (102 + -120 - (-7 + (3 - 7))).
-26
-3 + 1 + 0 + 5 - (-354 - -371)
-14
What is the value of (2115 - 2041) + -21 + 0?
53
-191 + 198 + -49 + (0 - (-2 - (-1 - 1)))
-42
Evaluate (6 - (1 - 55)) + (-32 - (-44 - -10)).
62
Evaluate (38 - (61 + -51)) + 22 + 0.
50
What is -78 + (3 - (1 - 4)) - (-21 - (-6 + -5))?
-62
What is -7 - (7 - (-60 - -8)) - (6 + 2 - 1)?
-73
What is the value of 2526 - 2509 - (-79 + -1)?
97
What is the value of -69 + 67 - (-44 + 11 + -9 + 5)?
35
-4 + (28 + -38 + 40 - (-1 + -7) - -2)
36
-82 + -11 + (61 - 41) + -35
-108
19 - (-334 + 351 - (13 - -2)) - (1 - 0)
16
Evaluate (1 - (-3 - (0 - -2))) + (62 - (24 + -36)).
80
256 - (-279 - -456) - ((0 - 2) + -1)
82
What is the value of (-52 - (-40 - -2) - (35 + 2)) + 11?
-40
What is the value of -26 + 34 + (-5 - 6) + (-37 - 14)?
-54
Calculate -12 + -14 + 31 + (-23 - -48).
30
Evaluate 1 + 1 + 75 + (-7 - 0) + -9 - -4.
65
Calculate (2 - -14) + -1909 + 1842.
-51
-1 + -23 + 33 + (-7 - 5) - 6
-9
What is 58 + (31 - -26) + -110?
5
43 + (12 - 27) + 3 + 11 + -2
40
-5 - (-116 + (-37 - -79))
69
What is (126 - 138) + -6 + 4 + -1 + -10?
-25
Evaluate 0 + (1 - (-5 + -1 - -6)) - -44.
45
What is (-76 - -1 - (-514 + 496)) + 9?
-48
What is -1 + (98 - 81) + 2 + -8?
10
Calculate 1 - (-20 - -4 - (-23 - 5) - -4).
-15
What is -251 - -179 - -29 - (-26 + 0)?
-17
Calculate (406 - 400) + (1 - 0) + 21 + -20.
8
Calculate 2 + -3 - 18 - (45 + 99 + -202).
39
0 + 12 - (-7 - 32 - (7 - 16))
42
(-21 - -28) + 53 + (-1 - -9) + (-6 - -7)
69
Evaluate (19 + 9 - -32) + (-16 - (-21 - 2)).
67
What is the value of 7 + 1 + -4 + (163 - (47 - 4))?
124
What is (-17 + (-14 - 14) - -18) + -22?
-49
What is the value of 2 + (1 - 12) + 22 + (50 - -41)?
104
Calculate 35 + (-34 - (3 + -14)) + -17.
-5
Evaluate -22 + 29 + (47 - 66).
-12
Calculate (65 - 86) + (27 - -11) + (7 - 13).
11
Calculate 3410 - 3437 - (6 - 2).
-31
What is the value of -2 + 3 + 1 + 27 - (416 + -764 - -339)?
38
0 + -5 - 1 - ((-406 - -239) + 176)
-15
Calculate 67 + (2 - 18) + -37.
14
Calculate -13 - ((14 - 58) + 19 + 24).
-12
(41 - 39) + (18 - (-4 - 14))
38
What is -46 + -2 + (-4 - -3) - (0 - (1 - 7))?
-55
What is the value of (-68 - -14) + -17 + 11 + (-16 - -17)?
-59
-2 - (1 + 0) - (23 - (17 + -12) - 152)
131
What is (-6 - -19) + (30 + 4 - 1)?
46
Calculate -31 + -12 + 11 + 180 + -3 + -14.
131
What is 8 + (-25 - 27) - -36?
-8
Evaluate (37 - ((31 - -41) + 18)) + -1 + -1 + 4.
-51
Evaluate (-11 - (-13 + 14) - -15) + -40.
-37
24 - (54 + (-42 - 20))
32
2 - 13 - (-400 + 362) - 68
-41
What is the value of 10 + (-28 - 20) + 62?
24
Evaluate (0 + 53 - (27 - -18)) + 19.
27
1 + -20 + (2 - 3) + 41
21
Calculate (7 - 3) + 16 - 13 - ((1 - -5) + -111).
112
Evaluate 86 + (-13 - (-30 + 20)) - 7.
76
What is -28 + (17 + 1 - (-97 + 102)) + 6?
-9
What is the value of -13 + -29 + 56 + -23?
-9
Calculate (-14 + -39 - -31) + 45.
23
Calculate 16 + -1 - (59 - (44 + -15)).
-15
Calculate -63 + 0 + (7 - (-24 - (-26 + -5))).
-63
Evaluate 0 + 38 + 254 + -336.
-4